= -4*k - 10. Let x be f(s). What are the prime factors of a(x)?
61
Suppose 0 = -4*a + 3*r - 6, -4*a + 4*r - 8 = -0*r. Suppose a = 23*z - 6054 - 30171. What are the prime factors of z?
3, 5, 7
Suppose -5*c + 62*b - 58*b + 81447 = 0, 0 = 5*c - 5*b - 81445. What are the prime factors of c?
11, 1481
Let f(y) = -y**3 + 6*y**2 - 3*y - 12. Let d be f(5). Let l be d/(-8) + 5/(-20). Suppose 0 = -4*a - l*a + 1004. What are the prime factors of a?
251
List the prime factors of (-1)/(36914/388038 + (-310)/3255).
9239
What are the prime factors of (282/(-5))/((-777)/1074850)?
2, 5, 47, 83
Let q be 0 - ((-30420)/(-63) - 1/(-7)). Let x = 1133 - q. List the prime factors of x.
2, 101
Suppose 0 = -5*o - 5*l - l + 268205, 0*l = l. List the prime factors of o.
7, 79, 97
Suppose 1494 = 5*g + 4*c + 8*c, -c - 615 = -2*g. List the prime factors of g.
2, 3, 17
Let s(c) = -2*c**3 + 28*c**2 + c - 11. Let f be 4/(-14) + (-400)/(-28). Let n be s(f). Suppose -n*a + 0 = -18. What are the prime factors of a?
2, 3
Let d(z) = 74*z + 9. Let f = 165 - 161. List the prime factors of d(f).
5, 61
Let y be (-467)/(-4) - (-2)/8. Let i = 141 - y. What are the prime factors of i?
2, 3
Let r = -87 + 87. Suppose r = -2*t + t + 4*o + 30, 108 = 5*t + o. What are the prime factors of t?
2, 11
Suppose 2*t - 16 = 2*p, -5*p - 25 + 5 = 0. Suppose -t = 78*m - 76*m. Let n = 56 - m. List the prime factors of n.
2, 29
Let w be (-5)/(-5)*1 - -2. What are the prime factors of (3160/(-50))/(w/((-45)/6))?
2, 79
Let x be (-95)/(-30) - 2/12. Suppose -2*c - x*s + 2062 = -8*s, -2*c + 2068 = -2*s. List the prime factors of c.
2, 7, 37
Let i = -142 - -144. Suppose 258 + 76 = i*z - 3*m, -3*m = z - 167. List the prime factors of z.
167
Suppose -5*b = g - 57721, -b - 263531 = -4*g - 32626. List the prime factors of g.
2, 3, 1069
Suppose d + d = -0*d. Suppose 15*c - 11*c - 384 = d. What are the prime factors of c*((-23)/(-10) - 32/40)?
2, 3
Let t(w) = 7*w**3 + 3*w**2 + 4*w. Let z be t(-3). Let f = -4 - z. Let c = f - 43. List the prime factors of c.
127
What are the prime factors of 12400 + (4 + -16 + 9)*5/3?
5, 37, 67
Let i = -27199 + 47288. List the prime factors of i.
20089
Let i = 47 + 0. Let o = i - 47. Suppose o = 4*m + q - 136, q + 4*q - 86 = -2*m. What are the prime factors of m?
3, 11
Suppose 72610 = 16*f + 3842. Suppose -5*n + f = 1213. What are the prime factors of n?
617
What are the prime factors of 742/(0 + 3 + ((-455)/14)/13)?
2, 7, 53
Let n(h) = -h**3 + 17*h**2 - 2*h + 39. Let o = -14 + 31. Let y be n(o). Suppose -y*z - 262 = 4*v - 665, -v + 3*z + 105 = 0. What are the prime factors of v?
2, 3, 17
Suppose -7*u + 10*u = -2*z + 91297, -5*z - 121714 = -4*u. What are the prime factors of u?
30431
Suppose 0 = -232*x + 156*x + 565516. List the prime factors of x.
7, 1063
Suppose -51*d = -49*d + 6. What are the prime factors of 21 + 257 - (2 - d)?
3, 7, 13
Suppose -q - q = -18336. Suppose q + 338 = 14*u. What are the prime factors of u?
7, 97
Let b(n) = 21*n - 1. Let z(x) = 1 + 193*x - 189*x - 1. Let l(h) = -2*b(h) + 11*z(h). What are the prime factors of l(1)?
2
Suppose -6288*s + 6292*s - 4994 - 5330 = 0. List the prime factors of s.
29, 89
Suppose f = -3*o + 4534, 3*f - 7566 = -5*o - f. Suppose d = -4*d + o. Suppose -14 = -4*i + d. List the prime factors of i.
79
Suppose 496 = 16*z - 288. Suppose z*p = 60*p - 3399. List the prime factors of p.
3, 103
Let y be 3/7 - (-7)/((-98)/1126). Let d = y + 64. What are the prime factors of d*-1*(1 + 0)?
2
Let z be (1 + 10)*(7 + 36/(-6)). Suppose -h + z*i - 8*i = -1548, -5*i - 3099 = -2*h. List the prime factors of h.
3, 173
Let c = -102116 + 144516. List the prime factors of c.
2, 5, 53
Let n = 104 - 100. Suppose -n*z + 45 = z. Suppose 2219 = z*b + 275. What are the prime factors of b?
2, 3
Let k(c) be the second derivative of -4*c**3/3 - 5*c**2 - c. Let u(d) = -3*d - 44. Let q be u(-12). List the prime factors of k(q).
2, 3
Let t = -25425 + 44827. What are the prime factors of t?
2, 89, 109
Let r(q) = q**2 - 29*q + 11959. Let h be r(0). Suppose 13*j - 820 = h. List the prime factors of j.
983
Let n be (2/(48/510))/((-2)/8). Let c = n + 84. Let m(d) = 93*d**2 + 2*d + 1. What are the prime factors of m(c)?
2, 23
Suppose 65*r = 64*r + 8. What are the prime factors of (17/((-102)/r))/((-8)/5262)?
877
Let h be 68/3*(-7 + 93/12). Suppose -19 + h = -k, -5*v + k = -1388. List the prime factors of v.
2, 139
Let x(m) = -m**2 - m - 1. Let k(p) = 2*p**2 - 2*p. Suppose -5*d = -3*d + 6. Let b(n) = d*x(n) - k(n). What are the prime factors of b(-10)?
53
What are the prime factors of 7311 - (4/(-1) + -6)?
7321
Suppose -40*n = 5*h - 44*n - 92497, -3*h - n = -55505. List the prime factors of h.
3, 7, 881
Suppose 5*w - 62 - 659 = -b, 5*w = -4*b + 2959. List the prime factors of b.
2, 373
Suppose 648675 = -31*f + 56*f. What are the prime factors of f?
3, 31
Suppose -38*m - k = -42*m + 40229, 5*m - 50289 = 4*k. List the prime factors of m.
89, 113
Suppose 0 = -y - 3, -4*y - 30 = o - 0*y. List the prime factors of o/(-4)*(-43616)/(-174).
2, 3, 47
Let i(v) = v + 37. Suppose 0 = 10*g - 17 - 3. Let y be 18/(4/g*1). What are the prime factors of i(y)?
2, 23
Let z = -159 - -156. List the prime factors of 512 + -3 + (-9)/z*1.
2
Let h(w) = -w**3 + 31*w**2 + 45*w - 379. List the prime factors of h(30).
1871
Let r = 228 - 222. What are the prime factors of (-186)/(-217)*7196/r?
2, 257
Let o be (-2471)/2*48/(-84). Let d = o - 240. List the prime factors of d.
2, 233
What are the prime factors of (-2)/15 - ((-12433124)/275)/((-12)/(-10))?
2, 9419
Let x be 3/2*(0 + 2). Let l(i) = x + 2 - 5*i + 4*i**2 - 6 - 7. List the prime factors of l(7).
3, 17
Suppose -208*o + 207*o = -971. Suppose 11*z - o = 217. What are the prime factors of z?
2, 3
Suppose 0*f - f + r + 11995 = 0, -5*f - 5*r = -59945. What are the prime factors of f?
2, 1499
Let r be 3 + -650 + 3 + 1. Let c = r - -1806. What are the prime factors of c?
1163
Suppose -4*z + 24 = -3*w - w, 3*w - 5*z + 16 = 0. Let x(u) be the second derivative of u**4/12 - 5*u**3/3 + 4*u**2 - 61*u - 1. List the prime factors of x(w).
127
Let d(w) = w**2 + 20*w + 55. Let o be d(-17). Suppose -8*b = 2*g - 11*b - 128, -o*b + 276 = 4*g. List the prime factors of g.
67
Let t(o) = 16*o - 1. Suppose 6*l - 3*l = -3. Let k be l*(-1)/(4/20 + 0). List the prime factors of t(k).
79
Suppose -7031664 = -293*k + 4037290. What are the prime factors of k?
2, 13, 1453
Suppose -113*y + 5305194 = 61*y + 75*y. List the prime factors of y.
2, 3, 53, 67
Let b = 72 - 41. Let n = b - 40. List the prime factors of (-1)/(n/(-12))*-57.
2, 19
Suppose 144*p - 139*p - 125 = 0. List the prime factors of (111 - -1) + p + -28.
109
List the prime factors of -1 + 2/3 - 409760/(-78).
3, 17, 103
Let p = 1303 - 384. Suppose -d + 2*d = -5*l + 224, 3*l + p = 4*d. Suppose 0 = h - d + 15. List the prime factors of h.
2, 107
Let j be (-1)/(-1) + 1/(2/6). Suppose -4*d = 5*k + 93, j = -5*k + k. Let c = 75 + d. What are the prime factors of c?
53
Suppose 3*g + 4*v + 1 = 3, 0 = -4*g - 2*v + 6. Suppose 4*n - 2*u = -6 - 14, -5*u - 10 = g*n. Let i(k) = 5*k**2 + 13*k - 1. List the prime factors of i(n).
59
Suppose 3*d - 2*j = 808, -j - 3*j + 544 = 2*d. List the prime factors of d/63*(5 + 2).
2, 3, 5
Suppose s = -4*z - 44 - 30, 0 = 5*s + 2*z + 316. Let p = s + 634. What are the prime factors of p?
2, 11, 13
Let l(a) be the first derivative of 4*a**3/3 + 31*a**2 - 54*a + 273. What are the prime factors of l(-28)?
2, 673
Let s(f) = 89*f**2 - 376*f - 5330. What are the prime factors of s(-15)?
5, 7, 83
Suppose 387 = -5*m + f, -f + 3*f - 306 = 4*m. Let i = 150 + m. What are the prime factors of i?
2, 3
Suppose -790406 = -17*c - 210859. What are the prime factors of c?
73, 467
List the prime factors of (-30328)/12*(13 - 10 - 6).
2, 17, 223
Suppose -5*h + 24 + 1 = 0. Let w(v) be the third derivative of v**5/12 - v**4/6 + 7*v**3/3 + 2*v**2 + 453*v. List the prime factors of w(h).
7, 17
Suppose 30*p = -91*p + 771012. What are the prime factors of p?
2, 3, 59
Suppose 0*d = -4*d + 3*h + 14, 5*d - 4*h = 18. Suppose -4*v - x = -1111, -3*x = -d*x + 5. What are the prime factors of v?
3, 31
Let k = 81 + -89. Let n be ((-1)/4)/(k/64). Suppose -n*f = -2*p + 102, -3*p = -p + 4*f - 114. List the prime factors of p.
53
Let 